(4). Let w be (-1 + -32)/(6 - s/(-14)). Suppose 739 = 15*q + w. Is 5 a factor of q?
False
Let u be (-2)/((2/(-8))/(1 - 0)). Suppose 10*w - 1974 = u*w. Suppose -8*k - w = -15*k. Does 28 divide k?
False
Suppose 0 = 2*p + 5*p - 14. Suppose 0 = 8*r + p*r - 1800. Is 30 a factor of r?
True
Suppose 4*a = -8480 + 44059 + 52421. Does 125 divide a?
True
Does 57 divide 49589/6 + 1525/150 + -10?
True
Let i = -48 - -52. Suppose m = -i*c + 36, -m - 3*c + 34 = 3. Is m a multiple of 2?
True
Suppose 13*c = 10*c + 17064. Let q be (-2)/17 - c/204. Is 37 a factor of (0 + -63)*48/q?
False
Let v(h) = -41*h - 1344. Does 5 divide v(-55)?
False
Let s be 2/(((-4)/(-93))/2). Let h = -86 + s. Suppose -11*i + h*i = -328. Is 51 a factor of i?
False
Suppose 0 = k + 3*o - 13861, 13857 = 3*k - 2*k + 5*o. Let j be -2*1/12 - k/(-42). Suppose b + b - j = -4*h, 4*h + 3*b = 335. Is h a multiple of 20?
True
Is 2431 + (1007/265 - (-6)/5) a multiple of 7?
True
Suppose -9*i + 43747 = 8521. Is 6 a factor of i?
False
Let z = -309 - -434. Let c = z - -150. Is 25 a factor of c?
True
Let s(a) = a**3 - 4*a**2 - 12*a + 3. Let p be s(6). Suppose -5*f + q = -19, 3*q - 11 = -p*f + f. Suppose 4*x + i = 5*i - f, 2*x - 26 = -5*i. Does 2 divide x?
False
Let w(n) = 4*n**2 + 18*n - 10. Let p be w(-10). Suppose p - 575 = -l. Is l a multiple of 43?
False
Suppose 0 = -3*t - 0 + 6. Suppose t*x + 3 = 3*x. Suppose -6 = 3*s, -117 - 561 = -4*r - x*s. Does 29 divide r?
False
Let u = 1199 - 734. Suppose 10*g - u = -5*g. Does 13 divide g?
False
Let x(p) = -23*p - 92. Let f be x(-8). Suppose f*c = 83*c + 1926. Does 21 divide c?
False
Let a(q) = q + 4*q**2 + 5*q**2 + 535 - 505. Is 10 a factor of a(5)?
True
Let f(i) = -115*i**3 + 3*i**2 + 12*i + 2. Is 14 a factor of f(-2)?
True
Suppose -231 = -5*g + l, g - 3*l - 25 = 24. Suppose 5*y - 7*y + 3*b = -32, g = 2*y + 4*b. Is y a multiple of 12?
False
Let x = 1785 - 495. Is x a multiple of 30?
True
Let v be (-2)/4*-10*(3 - -21). Let a = -118 + v. Suppose -a*d - 3 = 7, 5*p - 1145 = 5*d. Is p a multiple of 13?
False
Let s = -26 - -32. Is 21 a factor of (1888/s)/((28/(-3))/(-14))?
False
Let i be 1 - 1/3 - (-410)/6. Let f = i + -66. Suppose -5*r = f*t - 92, 3*r - 7*r - t = -68. Is r a multiple of 4?
True
Suppose -159*l - 1624 = -155*l. Let s = l + 549. Is 9 a factor of s?
False
Suppose -107*m = -105*m + 2218. Let l = -297 - m. Does 7 divide l?
True
Let m(x) = x**3 - 7*x**2 + 9*x - 13. Let k be m(8). Suppose -552 = -9*r + k. Is 5 a factor of r?
True
Suppose 18*o - 1985 - 438 = 5011. Is o a multiple of 8?
False
Suppose -477615 - 732165 = -143*n. Does 90 divide n?
True
Let x(p) = 1621*p + 8. Let j be x(-2). Let w = -2207 - j. Does 79 divide w?
True
Suppose 0 = -s - 2*u - 4, -3*s = -2*s + 3*u + 8. Suppose s*l = 4*j + 984, 4*l + 4*j = 252 + 700. Is l a multiple of 11?
True
Suppose 16*n = 6*n + 530. Let s be (-281)/9 - 10/(-45). Let r = s + n. Does 5 divide r?
False
Let l = 113 + -26. Let t = -50 - 8. Let j = t + l. Is 28 a factor of j?
False
Suppose 3*d - 2*d = -5*k + 19, 0 = -4*k - 4*d + 28. Suppose 3*x - k*h - 279 = 495, -3*h + 536 = 2*x. Does 11 divide x?
False
Suppose 8*k - 316 = 3*k + 3*l, -l = -3. Let x be 72 - -24 - 5/1. Let m = x - k. Is 26 a factor of m?
True
Is 38 a factor of (-869)/(-44) + -18 - (-5933)/4?
False
Let u = 3258 + 1257. Does 43 divide u?
True
Let y = 2918 - 2074. Is 4/(-20) - 3*y/(-60) a multiple of 14?
True
Let x(s) = 2*s + 29. Let u be x(-14). Let n be (-650)/(-40) + u/(8/(-2)). Suppose n = -d + 111. Does 19 divide d?
True
Suppose 6*l + 95065 = 254653. Is l a multiple of 66?
True
Let l be (-144)/((-5)/(-15)*(-9)/8). Let h = l + -23. Is h a multiple of 57?
False
Suppose 413*w + c + 77567 = 418*w, 3*w = 3*c + 46545. Is w a multiple of 13?
False
Suppose -24*l + 30*l = 24. Let o(i) = 8*i**2 + 10*i + 3. Is 56 a factor of o(l)?
False
Let u(s) = s + 6. Let h be u(-3). Suppose -h*j - 3*i = -6, 3*j + 3*i - 6 = 8*i. Suppose 0 = 4*l + 20, -l = 3*q + j*l - 282. Does 6 divide q?
False
Suppose 27 = g - 5*j, -3*j + j = 5*g. Suppose 13*r - 16*r - g*y = -1257, 0 = -5*y + 15. Is 11 a factor of r?
False
Let i = 150 + -108. Suppose 38*z = i*z - 2756. Is z a multiple of 11?
False
Let o be -5*(-4 - (-60)/25). Suppose -o*f = 3*f - 99. Suppose f*r + 3*r - 492 = 0. Is 20 a factor of r?
False
Suppose 47*i - 58*i = -33836. Is 122 a factor of i?
False
Suppose l + 105 = -2*j, j + 5*l + 161 = -2*j. Let b = j + 49. Let i(f) = -f**3 + 2*f**2 + 3*f - 3. Is i(b) even?
False
Let i be (-8)/36 - 395/45. Is 78 - (9 + (i - -6)) a multiple of 17?
False
Suppose -k + 4*y = -4943 - 2175, 4*y - 14176 = -2*k. Does 39 divide k?
True
Suppose 25*l = 22*l + t + 5947, 5*l + 2*t - 9886 = 0. Does 44 divide l?
True
Let z = -9647 - -15987. Does 4 divide z?
True
Suppose 10806 + 19653 = 3*o - 2*w, 5*o - 50791 = -w. Is o a multiple of 3?
False
Let x(i) = -i**3 - 10*i**2 - 9*i + 4. Let h be x(-9). Suppose 6*v = 5*v - 3*j - 1, -5*v + h*j = -33. Suppose 846 = v*b + 4*b. Does 26 divide b?
False
Let o(p) be the third derivative of -36*p**2 - 1/12*p**4 + 0 + 7/6*p**3 + 0*p. Does 3 divide o(-2)?
False
Let o be 10/6*(1 - -5). Suppose 4*p - 3*p + 2*q = 15, -4*q = -2*p - o. Suppose -7*x + 66 = -p*x. Is x a multiple of 8?
False
Let o = -275 + 252. Let g = o + 27. Is 4 a factor of g?
True
Suppose 26*g - 12893 = 16877. Does 30 divide g?
False
Let t be 3*(2 - -1 - (-21)/(-9)). Suppose 0 = 3*x + 4 + t. Is x + -1 + (-336)/(-6) a multiple of 10?
False
Let d be (2/3)/(42/693). Suppose -2*y = -d*y + 378. Is y a multiple of 14?
True
Let b be (18/(-54))/(1/15). Let a = -2 - b. Suppose a*r - 206 = -0*n + 2*n, -5*n + 150 = 2*r. Does 9 divide r?
False
Let m = 50 - 12. Let a = 152 - 66. Let g = a - m. Does 13 divide g?
False
Suppose -6*p + 1862 = -1762. Suppose 0 = y - 5*y + p. Is 47 a factor of y?
False
Suppose -8*w + 14*w + 138 = 0. Let t(g) = g**3 + 23*g**2 - 4*g - 6. Let a be t(w). Suppose 9*x - a - 616 = 0. Is 13 a factor of x?
True
Is 8 a factor of (-312)/(-234)*-1707*-6*1?
True
Suppose -17*d + 456400 = 8*d + 3*d. Is d a multiple of 25?
True
Let z be 4/(-22) + 54/297. Let a = -14 - -18. Suppose o - 192 = g + g, -3*o + a*g + 570 = z. Is o a multiple of 12?
False
Suppose 0 = -f - 0*f - 2*a + 7, -5*a + 21 = -f. Suppose 442 = 5*c + 1072. Is f + (-3 + 4 - c) a multiple of 14?
True
Let b be 5 + 36/10*5. Let s be -5 + 0 - (b + -37). Let m = 29 - s. Is m a multiple of 5?
True
Let i = 326 - 318. Let k = 202 + i. Is 35 a factor of k?
True
Let v(o) = o**2 - 16 - 3*o**3 + o - 4*o**3 + 13. Let c be v(-3). Let s = c + -8. Does 23 divide s?
True
Let s(l) = 3*l**2 + 3*l + 28 - 4*l - 3*l**2 + l**2. Let i be s(7). Is (7 + -10)/((-3)/i) a multiple of 35?
True
Suppose 5*f - 4*r + 3 = 28, -4*f + 46 = 2*r. Suppose 44*c = 45*c - f. Suppose c*n = 489 + 1095. Does 22 divide n?
True
Suppose 125790 = 2*u - 2*w, 188675 = -0*u + 3*u - 5*w. Is 20 a factor of u?
True
Let r = -83 - -85. Suppose 2*s - 5*n - 58 = 0, -3*s - n + 94 = s. Suppose r*o - 20 = s. Does 8 divide o?
False
Suppose -48*j - 119602 = -53*j + 4*u, 0 = 4*j + u - 95648. Is 22 a factor of j?
True
Let p(s) = 393*s**2 + 3*s - 2. Let a be p(2). Suppose 2*i + 0*t = 4*t + a, -2*t + 3112 = 4*i. Suppose 5*w + i = 9*w. Is w a multiple of 9?
False
Suppose -4*w + 2*w + 4 = 0. Suppose 1 = -3*l - w. Is 12 a factor of l/(1 + 2) + (-259)/(-21)?
True
Let c(i) = 18*i + 4*i**2 - 78 + 3*i**2 + i**2 - 64 + 133. Does 11 divide c(-8)?
False
Suppose l - 13 - 14 = -t, 84 = 3*l + 4*t. Does 7 divide 5374/l - 1/(-12)?
True
Let t(j) be the third derivative of 4*j**4 - 244*j**3/3 - 296*j**2. Is t(17) a multiple of 44?
True
Let j(r) = 100 + 32 - r - 2*r**2 + 1. Suppose -5*v + v - 20 = 5*w, 2*v - 12 = 3*w. Is 19 a factor of j(v)?
True
Suppose -30*w + 102149 = -6271. Does 31 divide w?
False
Let p = 510 + -311. Suppose -p*q = -196*q - 3216. Is 16 a factor of q?
True
Suppose 2*p = 4*y - 0*p - 7534, -4*p = 2*y - 3772. Is 51 a factor of y?
False
Let c(b) = 2*b + 12. Let h be c(-11). Let f be h/(-4) - 1/2. Suppose 113 = 2*w + i - 23, 0 = f*w + 5*i - 144. Is w a multiple of 13?
False
Let i be (-2 - -1)/((-1)/416). Let t = 738 - i. Suppose 9*k - 11*k + t = 0. Is k a multiple of 24?
False
Let a(r) be the second derivative of -r**5/20 + r**4 - 19*r**2/2 + 109*r. Is 6 a factor of a(10)?
False
Suppose 35*y = 146755 + 195840 + 5305. 